 20) + (1 - 18).
17
Evaluate 8 - (-7 + 1 + (5 - (-3 + 6))).
12
What is the value of -41 + 0 + 85 - 32?
12
(1 - (-10 - -18)) + (2 - -13)
8
What is -18 - ((-7 - 33) + 20)?
2
Evaluate -9 + -4 + 1 + 3 + -1.
-10
Calculate (-6 - -8) + -6 + (-2 - 9).
-15
Calculate 0 - (-10 - -15) - 21 - (-1 - 1).
-24
Evaluate 6 + (19 - 12 - (-4 - -4 - -23)).
-10
0 + (-5 + -1 - (32 - 51))
13
Calculate (-16 - -5 - -16 - -3) + 10.
18
What is the value of 2 + 10 - (-353 - -350) - 27?
-12
6 + 1 + -78 + 49 + 30
8
Calculate (3 + 9 + -5 - (-1 - -17)) + 2.
-7
(0 + 8 - 11) + -8 + 14
3
Calculate -653 - -636 - (-28 + -1).
12
-7 + 3 + (-7 - (-47 + 18))
18
Evaluate (268 - 279) + -3 + 5 + 0 + -7.
-16
What is 3 - ((13 - -3) + 5 + -11)?
-7
What is (-78 - -63) + 42 + -5 + 5?
27
What is the value of 44 - 29 - (-6 + 6)?
15
Evaluate 26 - (25 - (12 - (-21 + 17))).
17
What is -8 - (-2 + 3) - (294 - 318)?
15
-5 + 3 + 4 + (28 - 35) + -10
-15
What is the value of -14 - (-1 + -7 - ((13 - 8) + -18))?
-19
Evaluate (319 - 296) + 1 + -11.
13
10 + 0 + -6 + -11 + -2 + 10
1
What is 6 + -1 + -1 + (4 + -4 - 5)?
-1
Calculate -12 - ((25 - 54) + 34).
-17
What is the value of (-10 - -3) + (0 - (-18 - -6))?
5
Evaluate -17 + (24 - 12) + (2 - 25).
-28
What is -3 - (34 - (8 + 14))?
-15
(-1 - -7) + (-23 - (16 + -19))
-14
What is -33 + (-6 - -16) - -9?
-14
What is (-2 - (-1 + 10)) + (3 - -1 - 2)?
-9
What is -2 + -1 - (-36 - -30) - 9?
-6
Evaluate -2 + -31 + 7 - -15.
-11
Evaluate (15 - 0) + (10 - 23 - 1).
1
Calculate 8 - (-6 - (-15 + -6)) - -4.
-3
Calculate 4 + 3 - (39 - 29) - 0 - 2.
-5
Evaluate (61 - (-5 - -18)) + -27.
21
Calculate (-1 - 3) + 68 + -75 + 5.
-6
Evaluate (0 - (3 + -1)) + -4.
-6
Calculate 91 + 1 + -95 + (0 + 0 - -1).
-2
Calculate -4 - (-28 - -5 - -37).
-18
Calculate -2 - (2 - -22) - -1.
-25
What is (0 + 0 - 0) + 24 + -12 + 15?
27
What is the value of (1 - -4) + 14 + (-3 - -1)?
17
Evaluate 7 + -6 + (4 - 2 - 0) - 13.
-10
What is the value of (-2 + 19 - 10) + 10?
17
What is the value of (18 - 23) + (-5 - 15) + 7?
-18
What is the value of -1 + (9 - 7) - (13 - -1)?
-13
What is -4 - (-47 + 50 - (0 + 16))?
9
Calculate -7 - (5 + -1) - 3.
-14
What is the value of (60 + -70 - (-10 - 2)) + -15?
-13
What is the value of -8 - (1 - 1) - (-72 + -44 + 104)?
4
Evaluate (-8 - 0) + 18 + (-1 - 17).
-8
What is 4 + 2 - (20 + -34 + 20)?
0
(-1 - 1) + (-1 - 1) + (-181 - -176)
-9
-1 + -11 - (163 + -163)
-12
Calculate -6 + -14 - (145 - 165).
0
What is -8 + -12 - (0 + -9 + -1)?
-10
What is the value of 11 + -10 + 20 - 29?
-8
Calculate -2 + -15 + (-338 - -377).
22
Calculate (33 - 10) + 15 + -36.
2
What is the value of 2 + -6 + (-6 + 2 - (3 - 5))?
-6
What is 3 - (0 + 1) - (2 + (-70 - -62))?
8
-8 - -34 - (3 + 2 + -1)
22
Evaluate 2 + 4 + (-5 - (3 + -1)) - -8.
7
19 - 5 - 4 - (9 + -8)
9
What is the value of (-5 - -15) + -19 + (-6 - -7)?
-8
Calculate 1 - -3 - (-9 - (-12 + 6)).
7
0 - (-19 - -15) - (-9 + -8)
21
13 + 6 + -9 - 13 - -14
11
Calculate 9 - (4 - -1 - (6 - (27 - 21))).
4
Evaluate -4 + -4 + 23 - 27.
-12
Evaluate 2 + -6 + (-11 - (-7 - (0 + -5))).
-13
Calculate -2 + 3 - (-6 + 5 + -3 - -22).
-17
Calculate (-13 - (-2 - -2 - 11)) + (0 - 12).
-14
What is the value of -73 - -63 - (2 + -21)?
9
What is -7 + 1 + -5 + (-2 - -4)?
-9
Calculate 25 + -8 + -18 + 18.
17
29 + -17 + (-10 - -22)
24
Calculate -4 + 15 + 23 - 50.
-16
What is the value of -1 - 0 - 0 - 5 - (6889 - 6885)?
-10
Evaluate 19 - (33 + -25 - -2).
9
Calculate (-6 - 9) + 38 + -7.
16
17 + (-1 - (2 - 1)) - (-43 - -47)
11
What is 8 - ((10 - -2 - -1) + -5)?
0
Calculate -9 + (32 + 1 - 13) - -5.
16
What is the value of 0 + 11 + -30 + 16?
-3
What is 7 + 11 + -15 - 9?
-6
-1 - (0 + 2 + (-85 - -86))
-4
-1 + (18 + -1 - 22) + (0 - 8)
-14
What is the value of (8 - 1 - (-2 + 1)) + 533 + -522?
19
What is the value of -7 - -1 - (5 + -2 - (-28 - -31))?
-6
Evaluate 11 - 2 - (38 + -79 + 46).
4
2 + -13 + (-13 - -12)
-12
11 - (-12 - -5) - 15 - 38
-35
-9 + 15 - (-26 - 0)
32
24 + (2 - 4) + -15 + 9
16
What is the value of 1 + -12 - (-3 + (7 - -3) - 9)?
-9
Evaluate (6 - -1 - (81 + -69)) + 0.
-5
What is the value of -9 - ((15 - (34 + 3)) + (0 - -1))?
12
(5 - 6 - (-54 + 37)) + 2
18
Evaluate 5 - -13 - (-24 + 36).
6
Calculate -15 + (0 - -11) + -11.
-15
Evaluate (39 - 38 - (2 - (0 - -2))) + 16.
17
Calculate 4 - ((5 - 14) + (0 - -25)).
-12
-3 + (-3 - -34) + -32 + 30 + 8
34
What is (-14 - 12 - -3) + 12?
-11
What is the value of -23 - (-15 + -4) - (17 + 2)?
-23
What is -1 + (17 - 30 - 1)?
-15
What is the value of -14 + -1 + 10 + -17 - 6?
-28
Evaluate -40 + (12 - (13 + -58)).
17
What is the value of 13 + 22 + 9 + -25?
19
What is the value of 6 - ((-35 - -37) + -1 + 11 + 4)?
-10
What is 7 - -4 - 9 - -3 - 5?
0
What is the value of -27 + (29 - 1) + -14?
-13
Calculate (-47 - (1 + -18)) + 16.
-14
What is -11 - ((-43 - -54) + 1 + -17)?
-6
Calculate 5 + 47 + 18 - 47.
23
What is -6 - (83 + -81 - (-15 - 3 - 1))?
-27
(-8 - -4) + (76 - 83)
-11
Calculate (25 - 4) + 67 + -91.
-3
Calculate -9 + (17 - (12 + -3)).
-1
What is the value of -4 + 3 - (-9 - -22 - 5)?
-9
What is the value of (-27 - -30) + -12 + 0 + -11?
-20
Calculate 39 + (-2 - (-24 + 21 - (2 - 8))).
34
Evaluate ((0 - -2) + 1 - 5) + (8 - 4).
2
Evaluate -1 + 30 + -30 - (0 + -8) - -1.
8
Evaluate (4 - (4 - -3)) + -11 - -3.
-11
Evaluate 0 + 11 + (-9 - -7) - -3.
12
Calculate (1 - 7) + (7 - (-2 + (-10 - -28))).
-15
Calculate (27 - 23) + (7 - ((-11 - -5) + 5)).
12
Calculate 6 + -4 + -5 - (8 + (-1 - -11)).
-21
What is -14 + -1 + (472 - 474)?
-17
(14 - 17) + (-2 - -3) - (4 - 2)
-4
Evaluate (-2 - -33) + -6 + -11 + 4.
18
Evaluate (-9 - ((7 - 2) + -4)) + 9 - 18.
-19
9 + 10 + 13 + -20
12
Calculate -5 + 34 + -21 + (-1 - (0 - -1)).
6
-22 + (-27 - (-27 - 26))
4
-103 - -100 - (11 - 0)
-14
Calculate 4 - -15 - (49 - 32).
2
What is -8 + -2 + -2 + 8 + 2 - -6?
4
19 - 12 - 34 - -19
-8
Evaluate 12 + 15 + -38 + 33.
22
What is 3 - (33 + -7 + -4)?
-19
8 + (4 - (-7 - (11 + -22) - 10))
18
Calculate 5 + (-2 - 5) + 5 + 4.
7
-26 + (3 - -24) + 19
20
(-12 + (-7 - -33) - -5) + -3
16
Evaluate (-11 - -2) + (-39 - -47).
-1
Calculate 15 + (-7 - (1 + 5)).
2
Evaluate -47 + -21 + -27 + 72.
-23
Evaluate 4 - -1 - -14 - (4 + 3).
12
What is the value of 21 - ((0 - 10 - -24) + -10)?
17
Calculate (1 - 1) + 12 + (-22 + -13 - -36).
13
What is 3 + -41 + 18 - -16?
-4
19 + -9 + -4 + 13
19
What is -9 - ((4 - 10) + 0) - -4 - -1?
2
What is -29 - -10 - (-30 + 8)?
3
Evaluate -48 + 38 + 14 - -10.
14
Calculate 12 + (-6 - -11) - (-80 + 96).
1
Evaluate 18 - (1 + 7 + -24 + 3).
31
Evaluate 12 - -1 - (-11 + (20 + 22 - 22)).
4
Evaluate -19 - (-8 - -4) - -30 - 22.
-7
What is the value of -4 + (9 - (20 + -5)) - 5?
-15
11 - (4 + 0 + 5)
2
Evaluate -3 - 4 - ((-5 - -18 - 6) + -15).
1
Calculate 9 - (17 + -5 + 16).
-19
Evaluate 15 + -24 + -5 + (5 - -11 - 6).
-4
What is 2 + -7 + (1 - -25) + -2 - 6?
13
Evaluate -9 - (5 + 0) - -18.
4
What is the value of (-2 + 1 - -7) + -1 + (6 - 6)?
5
What is -7 + 2 - (4 + 3)?
-12
What is 24 - 4 - (-4 - (-4 - (-1 - -8)))?
13
What is -1 + 0 + 23 + 155 + -169?
8
What is 0 + -15 - ((-32 - -13) + 18)?
-14
320 + -293 + (1 - 49)
-21
Evaluate 9 + -24 + 19 + -11 + -1.
-8
Calculate (14 - -1) + (453 - 464).
4
Evaluate -9 + -2 + (-7 - (-11 - (39 + 0))).
32
Evaluate (-15 - -6) + 8 + 2.
1
Calculate 3 + 3 + 1 + 8 + -20 + 13.
8
Evaluate -9 + (-9 + 25 - 15).
-8
What is -7 + -1 + 3 + (-9 - 9)?
-23
(3 - (-12 + (1 - -6))) + 1
9
245 + -234 + (1 + 1 - (12 - 5))
6
Calculate -17 + 1 + (-10 - -10) + 67 + -63.
-12
(6 - (17 + -4 + -4)) + (9 - 12)
-6
What is the value of -6 + (15 - (6 - -1)) + 15 + 5?
22
Evaluate -26 + -15 + 34 + 21.
14
What is the value of (-2 - 7) + (46 - 29)?
8
What is the value of 1 + 31 + -492 + 476?
16
5 - 16 - -8 - -23
20
What is 14 + -42 - (9 - 19) - 7?
-25
Calculate -13 - (5 + -9) - (8 - 13).
-4
Evaluate (28 - 12) + (-27 - (-7 + 17)).
-21
What is (7 + -22 + 0 - -9) + -12?
-18
What is 32 - (9 + -23 - -42)?
4
5 - (3 + -10) - (-6 - -14)
4
(-501 - -497) + (1 - (-1 + 0))
-2
(33 - 40) + (19 - 18)
-6
Evaluate 10 + (7 + -1 - (19 - 7) - -7).
11
What is 4 - ((12 - 19) + (-8 - -11) + 6)?
2
What is (-5 - -4) + -13 + 9 + 3 + -14?
-16
Evaluate 10 + -6 - 7 - (2 - (-4 - -4)).
-5
What is 1 - 15 - (-343 + 338)?
-9
What is (144 - 134) + (-26 - -2)?
-14
What is the value of 19 + -47 + 34 + (6 - 0)?
12
(-10 - -17) + 4 + -2 + 